{"id":15,"date":"2022-10-18T10:54:33","date_gmt":"2022-10-18T10:54:33","guid":{"rendered":"http:\/\/www.cpoturkiye.org\/new\/?page_id=15"},"modified":"2022-12-05T04:21:40","modified_gmt":"2022-12-05T04:21:40","slug":"etkinlik-hakkinda","status":"publish","type":"page","link":"https:\/\/www.cpoturkiye.org\/new\/etkinlik-hakkinda\/","title":{"rendered":"Etkinlik Hakk\u0131nda"},"content":{"rendered":"\t\t<div data-elementor-type=\"wp-page\" data-elementor-id=\"15\" class=\"elementor elementor-15\">\n\t\t\t\t\t\t\t\t\t<section class=\"elementor-section elementor-top-section elementor-element elementor-element-d3806f7 elementor-section-full_width elementor-section-stretched elementor-section-height-default elementor-section-height-default\" data-id=\"d3806f7\" data-element_type=\"section\" data-settings=\"{&quot;stretch_section&quot;:&quot;section-stretched&quot;}\">\n\t\t\t\t\t\t<div class=\"elementor-container elementor-column-gap-wider\">\n\t\t\t\t\t<div class=\"elementor-column elementor-col-100 elementor-top-column elementor-element elementor-element-caf6059\" data-id=\"caf6059\" data-element_type=\"column\" data-settings=\"{&quot;background_background&quot;:&quot;classic&quot;}\">\n\t\t\t<div class=\"elementor-widget-wrap elementor-element-populated\">\n\t\t\t\t\t\t\t\t<section class=\"elementor-section elementor-inner-section elementor-element elementor-element-5d2b40f elementor-section-boxed elementor-section-height-default elementor-section-height-default\" data-id=\"5d2b40f\" data-element_type=\"section\">\n\t\t\t\t\t\t<div class=\"elementor-container elementor-column-gap-default\">\n\t\t\t\t\t<div class=\"elementor-column elementor-col-100 elementor-inner-column elementor-element elementor-element-c2850cc\" data-id=\"c2850cc\" data-element_type=\"column\">\n\t\t\t<div class=\"elementor-widget-wrap elementor-element-populated\">\n\t\t\t\t\t\t\t\t<div class=\"elementor-element elementor-element-736b48b blackWhite elementor-position-top elementor-vertical-align-top elementor-widget elementor-widget-image-box\" data-id=\"736b48b\" data-element_type=\"widget\" data-widget_type=\"image-box.default\">\n\t\t\t\t<div class=\"elementor-widget-container\">\n\t\t\t<style>\/*! elementor - v3.8.1 - 13-11-2022 *\/\n.elementor-widget-image-box .elementor-image-box-content{width:100%}@media (min-width:768px){.elementor-widget-image-box.elementor-position-left .elementor-image-box-wrapper,.elementor-widget-image-box.elementor-position-right .elementor-image-box-wrapper{display:-webkit-box;display:-ms-flexbox;display:flex}.elementor-widget-image-box.elementor-position-right .elementor-image-box-wrapper{text-align:right;-webkit-box-orient:horizontal;-webkit-box-direction:reverse;-ms-flex-direction:row-reverse;flex-direction:row-reverse}.elementor-widget-image-box.elementor-position-left .elementor-image-box-wrapper{text-align:left;-webkit-box-orient:horizontal;-webkit-box-direction:normal;-ms-flex-direction:row;flex-direction:row}.elementor-widget-image-box.elementor-position-top .elementor-image-box-img{margin:auto}.elementor-widget-image-box.elementor-vertical-align-top .elementor-image-box-wrapper{-webkit-box-align:start;-ms-flex-align:start;align-items:flex-start}.elementor-widget-image-box.elementor-vertical-align-middle .elementor-image-box-wrapper{-webkit-box-align:center;-ms-flex-align:center;align-items:center}.elementor-widget-image-box.elementor-vertical-align-bottom .elementor-image-box-wrapper{-webkit-box-align:end;-ms-flex-align:end;align-items:flex-end}}@media (max-width:767px){.elementor-widget-image-box .elementor-image-box-img{margin-left:auto!important;margin-right:auto!important;margin-bottom:15px}}.elementor-widget-image-box .elementor-image-box-img{display:inline-block}.elementor-widget-image-box .elementor-image-box-title a{color:inherit}.elementor-widget-image-box .elementor-image-box-wrapper{text-align:center}.elementor-widget-image-box .elementor-image-box-description{margin:0}<\/style><div class=\"elementor-image-box-wrapper\"><figure class=\"elementor-image-box-img\"><a href=\"https:\/\/www.linkedin.com\/in\/gurkan-huryilmaz-1478a317\/\"><img loading=\"lazy\" decoding=\"async\" width=\"600\" height=\"600\" src=\"https:\/\/www.cpoturkiye.org\/new\/wp-content\/uploads\/2022\/11\/cf708dd8-gurkan-huryilmaz.jpg\" class=\"attachment-full size-full\" alt=\"\" \/><\/a><\/figure><\/div>\t\t<\/div>\n\t\t\t\t<\/div>\n\t\t\t\t<div class=\"elementor-element elementor-element-e76242f elementor-widget elementor-widget-heading\" data-id=\"e76242f\" data-element_type=\"widget\" data-widget_type=\"heading.default\">\n\t\t\t\t<div class=\"elementor-widget-container\">\n\t\t\t<style>\/*! elementor - v3.8.1 - 13-11-2022 *\/\n.elementor-heading-title{padding:0;margin:0;line-height:1}.elementor-widget-heading .elementor-heading-title[class*=elementor-size-]>a{color:inherit;font-size:inherit;line-height:inherit}.elementor-widget-heading .elementor-heading-title.elementor-size-small{font-size:15px}.elementor-widget-heading .elementor-heading-title.elementor-size-medium{font-size:19px}.elementor-widget-heading .elementor-heading-title.elementor-size-large{font-size:29px}.elementor-widget-heading .elementor-heading-title.elementor-size-xl{font-size:39px}.elementor-widget-heading .elementor-heading-title.elementor-size-xxl{font-size:59px}<\/style><h1 class=\"elementor-heading-title elementor-size-default\">De\u011ferli Meslekta\u015flar\u0131m\u0131z; <\/h1>\t\t<\/div>\n\t\t\t\t<\/div>\n\t\t\t\t<div class=\"elementor-element elementor-element-f64331e elementor-widget__width-initial elementor-widget elementor-widget-heading\" data-id=\"f64331e\" data-element_type=\"widget\" data-widget_type=\"heading.default\">\n\t\t\t\t<div class=\"elementor-widget-container\">\n\t\t\t<h5 class=\"elementor-heading-title elementor-size-default\">Sat\u0131nalma ve tedarik zinciri y\u00f6netimi alan\u0131nda mesleki standartlar\u0131n geli\u015ftirilmesi, meslekta\u015flar\u0131m\u0131z\u0131n g\u00fc\u00e7lendirilmesi ve yeni mesleki unvanlar\u0131n tan\u0131mlanmas\u0131 gibi konular\u0131n yan\u0131 s\u0131ra tedarik\u00e7i portf\u00f6y\u00fcn\u00fcn geli\u015ftirilmesi, milli ve yerli \u00fcreticilerin desteklenmesi ve daha rekabet\u00e7i bir T\u00fcrkiye hedefleriyle 2020 ve 2021 y\u0131llar\u0131nda yapt\u0131\u011f\u0131m\u0131z hibrit ve dijital etkinliklerle bu alanda T\u00fcrkiye\u2019de pek \u00e7ok yenili\u011fe \u015fahit olmu\u015ftuk. \n<br><br>\n\u0130lk ikisi beklentilerin \u00fczerinde bir ba\u015far\u0131yla tamamlanan CPO T\u00fcrkiye Sat\u0131nalma ve Tedarik Zinciri Y\u00f6netimi Zirvesi\u2019nin \u00fc\u00e7\u00fcnc\u00fcs\u00fcn\u00fc 10-11 Mart 2023 tarihleri aras\u0131nda daha zengin ve ilgi \u00e7ekici i\u00e7eriklerle ve daha fazla kat\u0131l\u0131mla tekrar yapacak olman\u0131n mutlulu\u011funu sizlerle payla\u015fmak istiyorum. \n<br><br>\nDeneyimli sat\u0131nalmac\u0131larla bu meslekte yeni ve gen\u00e7 meslekta\u015flar\u0131m\u0131z\u0131 ayn\u0131 platformda bulu\u015fturan CPO T\u00fcrkiye\u2019nin ba\u015fl\u0131ca \u00e7\u0131kt\u0131s\u0131 yeni teknoloji ve trendlerin tan\u0131t\u0131lmas\u0131 ile bilgi ve deneyim payla\u015f\u0131mlar\u0131 olacakt\u0131r. \n<br><br>\nT\u00fcm bunlarla birlikte sat\u0131nalma ve tedarik zinciri y\u00f6netimiyle ilgili sekt\u00f6rel \u00e7al\u0131\u015ftaylarla tedarik y\u00f6netiminin t\u00fcm taraflar\u0131n\u0131 ayn\u0131 masa etraf\u0131nda bir araya getirerek meslekta\u015flar\u0131m\u0131z, tedarik\u00e7ilerimiz ve temsil etti\u011fimiz kurumlar\u0131n yarar\u0131na ortak tutum geli\u015ftirmeyi de T\u00dcSMOD olarak \u00f6nemli buluyoruz. \n<br><br>\n10-11 Mart 2023 tarihleri aras\u0131nda WoW \u0130stanbul Hotel ve Kongre Merkezi\u2019nde ger\u00e7ekle\u015fecek CPO T\u00fcrkiye\u201923 etkinli\u011fimizde \u00f6nemli tedarik\u00e7i ve markalar\u0131m\u0131z\u0131 da aram\u0131zda g\u00f6rmeyi arzu ediyoruz. <\/h5>\t\t<\/div>\n\t\t\t\t<\/div>\n\t\t\t\t<div class=\"elementor-element elementor-element-be1cef5 elementor-widget__width-initial elementor-widget elementor-widget-heading\" data-id=\"be1cef5\" data-element_type=\"widget\" data-widget_type=\"heading.default\">\n\t\t\t\t<div class=\"elementor-widget-container\">\n\t\t\t<h5 class=\"elementor-heading-title elementor-size-default\"><span style=\"font-weight:bold;\">Sayg\u0131lar\u0131m\u0131zla;\n<br><br>\n<span style=\"color:#13A8C6;\">G\u00fcrkan H\u00fcry\u0131lmaz<\/span>\n<br><br>\nTUSMOD Y\u00f6netim Kurulu Ba\u015fkan\u0131<\/span><\/h5>\t\t<\/div>\n\t\t\t\t<\/div>\n\t\t\t\t\t<\/div>\n\t\t<\/div>\n\t\t\t\t\t\t\t<\/div>\n\t\t<\/section>\n\t\t\t\t<section class=\"elementor-section elementor-inner-section elementor-element elementor-element-da24c9b elementor-section-boxed elementor-section-height-default elementor-section-height-default\" data-id=\"da24c9b\" data-element_type=\"section\">\n\t\t\t\t\t\t<div class=\"elementor-container elementor-column-gap-default\">\n\t\t\t\t\t<div class=\"elementor-column elementor-col-100 elementor-inner-column elementor-element elementor-element-a2a9a18\" data-id=\"a2a9a18\" data-element_type=\"column\">\n\t\t\t<div class=\"elementor-widget-wrap elementor-element-populated\">\n\t\t\t\t\t\t\t\t<div class=\"elementor-element elementor-element-cb1b896 blackWhite elementor-position-top elementor-vertical-align-top elementor-widget elementor-widget-image-box\" data-id=\"cb1b896\" data-element_type=\"widget\" data-widget_type=\"image-box.default\">\n\t\t\t\t<div class=\"elementor-widget-container\">\n\t\t\t<div class=\"elementor-image-box-wrapper\"><figure class=\"elementor-image-box-img\"><a href=\"https:\/\/www.linkedin.com\/in\/besirkemalsahin\"><img loading=\"lazy\" decoding=\"async\" width=\"750\" height=\"1125\" src=\"https:\/\/www.cpoturkiye.org\/new\/wp-content\/uploads\/2022\/11\/B.KEMAL_.SAHIN_.jpeg\" class=\"attachment-full size-full\" alt=\"\" \/><\/a><\/figure><\/div>\t\t<\/div>\n\t\t\t\t<\/div>\n\t\t\t\t<div class=\"elementor-element elementor-element-0340654 elementor-widget__width-initial elementor-widget elementor-widget-heading\" data-id=\"0340654\" data-element_type=\"widget\" data-widget_type=\"heading.default\">\n\t\t\t\t<div class=\"elementor-widget-container\">\n\t\t\t<h5 class=\"elementor-heading-title elementor-size-default\">T\u00fcrkiye\u2019nin lokomotif firmalar\u0131n\u0131n CEO-CPO y\u00f6neticileri ile tedarik zincirinin t\u00fcm payda\u015flar\u0131n\u0131 bulu\u015fturan CPO T\u00fcrkiye Sat\u0131nalma ve Tedarik Zinciri Y\u00f6netimi Zirvesi\u2019ni 10-11 Mart 2023 tarihleri aras\u0131nda \u0130stanbul\u2019da d\u00fczenleyecek olman\u0131n heyecan\u0131 i\u00e7indeyiz. D\u00fczenlendi\u011fi iki etkinlikte de sat\u0131nalma ve tedarik zinciri a\u00e7\u0131s\u0131ndan 1000\u2019in \u00fczerinde izleyicisi ve sa\u011flad\u0131\u011f\u0131 10.000\u2019lerce etkile\u015fim ile i\u015f d\u00fcnyas\u0131n\u0131n nabz\u0131n\u0131 tutan CPO T\u00fcrkiye\u2019nin 2023 y\u0131l\u0131 bulu\u015fmas\u0131nda yine siz de\u011ferli sekt\u00f6r mensuplar\u0131m\u0131z\u0131 ve markalar\u0131m\u0131z\u0131 aram\u0131zda g\u00f6rmekten memnuniyet duyar\u0131z. <\/h5>\t\t<\/div>\n\t\t\t\t<\/div>\n\t\t\t\t<div class=\"elementor-element elementor-element-f030a13 elementor-widget__width-initial elementor-widget elementor-widget-heading\" data-id=\"f030a13\" data-element_type=\"widget\" data-widget_type=\"heading.default\">\n\t\t\t\t<div class=\"elementor-widget-container\">\n\t\t\t<h5 class=\"elementor-heading-title elementor-size-default\"><span style=\"font-weight:bold;\">Sayg\u0131lar\u0131m\u0131zla;\n<br><br>\n<span style=\"color:#13A8C6;\">B. Kemal \u015eahin<\/span>\n<br><br>\nCPO T\u00fcrkiye Etkinlik Direkt\u00f6r\u00fc, Ekspoturk CEO<\/span><\/h5>\t\t<\/div>\n\t\t\t\t<\/div>\n\t\t\t\t<div class=\"elementor-element elementor-element-f4dcec4 elementor-widget elementor-widget-mfn_fancy_divider\" data-id=\"f4dcec4\" data-element_type=\"widget\" data-widget_type=\"mfn_fancy_divider.default\">\n\t\t\t\t<div class=\"elementor-widget-container\">\n\t\t\t<div class=\"fancy-divider\"><svg preserveAspectRatio=\"none\" viewBox=\"0 0 100 100\" height=\"100\" width=\"100%\" version=\"1.1\" xmlns=\"https:\/\/www.w3.org\/2000\/svg\" style=\"background: #FFFFFF00;\" aria-hidden=\"true\"><path d=\"M0 100 L50 2 L100 100 Z\" style=\"fill: #2991d6; stroke: #2991d6;\"\/><\/svg><\/div>\t\t<\/div>\n\t\t\t\t<\/div>\n\t\t\t\t\t<\/div>\n\t\t<\/div>\n\t\t\t\t\t\t\t<\/div>\n\t\t<\/section>\n\t\t\t\t<div class=\"elementor-element elementor-element-db378e4 elementor-widget elementor-widget-heading\" data-id=\"db378e4\" data-element_type=\"widget\" data-widget_type=\"heading.default\">\n\t\t\t\t<div class=\"elementor-widget-container\">\n\t\t\t<h1 class=\"elementor-heading-title elementor-size-default\">Etkinlik K\u00fcnyesi<\/h1>\t\t<\/div>\n\t\t\t\t<\/div>\n\t\t\t\t<div class=\"elementor-element elementor-element-938d85d elementor-widget elementor-widget-text-editor\" data-id=\"938d85d\" data-element_type=\"widget\" data-widget_type=\"text-editor.default\">\n\t\t\t\t<div class=\"elementor-widget-container\">\n\t\t\t<style>\/*! elementor - v3.8.1 - 13-11-2022 *\/\n.elementor-widget-text-editor.elementor-drop-cap-view-stacked .elementor-drop-cap{background-color:#818a91;color:#fff}.elementor-widget-text-editor.elementor-drop-cap-view-framed .elementor-drop-cap{color:#818a91;border:3px solid;background-color:transparent}.elementor-widget-text-editor:not(.elementor-drop-cap-view-default) .elementor-drop-cap{margin-top:8px}.elementor-widget-text-editor:not(.elementor-drop-cap-view-default) .elementor-drop-cap-letter{width:1em;height:1em}.elementor-widget-text-editor .elementor-drop-cap{float:left;text-align:center;line-height:1;font-size:50px}.elementor-widget-text-editor .elementor-drop-cap-letter{display:inline-block}<\/style>\t\t\t\t<p style=\"text-align: center;\"><strong>Ba\u015fl\u0131k<\/strong><\/p><p style=\"text-align: center;\">CPO T\u00fcrkiye Sat\u0131nalma ve Tedarik Zinciri Y\u00f6netimi Zirvesi ve Fuar\u0131<\/p><p style=\"text-align: center;\"><strong>Tarih<\/strong><\/p><p style=\"text-align: center;\">17-18 Mart 2023<\/p><p style=\"text-align: center;\"><strong>Mekan<\/strong><\/p><p style=\"text-align: center;\">\u00a0\u0130stanbul Pullman Hotel ve Kongre Merkezi<\/p>\t\t\t\t\t\t<\/div>\n\t\t\t\t<\/div>\n\t\t\t\t\t<\/div>\n\t\t<\/div>\n\t\t\t\t\t\t\t<\/div>\n\t\t<\/section>\n\t\t\t\t<section class=\"elementor-section elementor-top-section elementor-element elementor-element-dca15bb elementor-section-full_width elementor-section-height-default elementor-section-height-default\" data-id=\"dca15bb\" data-element_type=\"section\">\n\t\t\t\t\t\t<div class=\"elementor-container elementor-column-gap-narrow\">\n\t\t\t\t\t<div class=\"elementor-column elementor-col-12 elementor-top-column elementor-element elementor-element-bf124f7\" data-id=\"bf124f7\" data-element_type=\"column\">\n\t\t\t<div class=\"elementor-widget-wrap elementor-element-populated\">\n\t\t\t\t\t\t\t\t<div class=\"elementor-element elementor-element-352513c elementor-widget elementor-widget-image\" data-id=\"352513c\" data-element_type=\"widget\" data-widget_type=\"image.default\">\n\t\t\t\t<div class=\"elementor-widget-container\">\n\t\t\t<style>\/*! elementor - v3.8.1 - 13-11-2022 *\/\n.elementor-widget-image{text-align:center}.elementor-widget-image a{display:inline-block}.elementor-widget-image a img[src$=\".svg\"]{width:48px}.elementor-widget-image img{vertical-align:middle;display:inline-block}<\/style>\t\t\t\t\t\t\t\t\t\t\t\t<img loading=\"lazy\" decoding=\"async\" width=\"494\" height=\"291\" src=\"https:\/\/www.cpoturkiye.org\/new\/wp-content\/uploads\/2022\/11\/logos-01.jpg\" class=\"attachment-full size-full\" alt=\"\" srcset=\"https:\/\/www.cpoturkiye.org\/new\/wp-content\/uploads\/2022\/11\/logos-01.jpg 494w, https:\/\/www.cpoturkiye.org\/new\/wp-content\/uploads\/2022\/11\/logos-01-300x177.jpg 300w, https:\/\/www.cpoturkiye.org\/new\/wp-content\/uploads\/2022\/11\/logos-01-248x146.jpg 248w, https:\/\/www.cpoturkiye.org\/new\/wp-content\/uploads\/2022\/11\/logos-01-50x29.jpg 50w, https:\/\/www.cpoturkiye.org\/new\/wp-content\/uploads\/2022\/11\/logos-01-127x75.jpg 127w\" sizes=\"auto, (max-width: 494px) 100vw, 494px\" \/>\t\t\t\t\t\t\t\t\t\t\t\t\t\t\t<\/div>\n\t\t\t\t<\/div>\n\t\t\t\t\t<\/div>\n\t\t<\/div>\n\t\t\t\t<div class=\"elementor-column elementor-col-12 elementor-top-column elementor-element elementor-element-140f3e2\" data-id=\"140f3e2\" data-element_type=\"column\">\n\t\t\t<div class=\"elementor-widget-wrap elementor-element-populated\">\n\t\t\t\t\t\t\t\t<div class=\"elementor-element elementor-element-225bf9d elementor-widget elementor-widget-image\" data-id=\"225bf9d\" data-element_type=\"widget\" data-widget_type=\"image.default\">\n\t\t\t\t<div class=\"elementor-widget-container\">\n\t\t\t\t\t\t\t\t\t\t\t\t\t\t\t<img loading=\"lazy\" decoding=\"async\" width=\"494\" height=\"291\" src=\"https:\/\/www.cpoturkiye.org\/new\/wp-content\/uploads\/2022\/11\/kosgeb.png\" class=\"attachment-full size-full\" alt=\"\" srcset=\"https:\/\/www.cpoturkiye.org\/new\/wp-content\/uploads\/2022\/11\/kosgeb.png 494w, https:\/\/www.cpoturkiye.org\/new\/wp-content\/uploads\/2022\/11\/kosgeb-300x177.png 300w, https:\/\/www.cpoturkiye.org\/new\/wp-content\/uploads\/2022\/11\/kosgeb-248x146.png 248w, https:\/\/www.cpoturkiye.org\/new\/wp-content\/uploads\/2022\/11\/kosgeb-50x29.png 50w, https:\/\/www.cpoturkiye.org\/new\/wp-content\/uploads\/2022\/11\/kosgeb-127x75.png 127w\" sizes=\"auto, (max-width: 494px) 100vw, 494px\" \/>\t\t\t\t\t\t\t\t\t\t\t\t\t\t\t<\/div>\n\t\t\t\t<\/div>\n\t\t\t\t\t<\/div>\n\t\t<\/div>\n\t\t\t\t<div class=\"elementor-column elementor-col-12 elementor-top-column elementor-element elementor-element-ad25fe3\" data-id=\"ad25fe3\" data-element_type=\"column\">\n\t\t\t<div class=\"elementor-widget-wrap elementor-element-populated\">\n\t\t\t\t\t\t\t\t<div class=\"elementor-element elementor-element-c10b505 elementor-widget elementor-widget-image\" data-id=\"c10b505\" data-element_type=\"widget\" data-widget_type=\"image.default\">\n\t\t\t\t<div class=\"elementor-widget-container\">\n\t\t\t\t\t\t\t\t\t\t\t\t\t\t\t<img loading=\"lazy\" decoding=\"async\" width=\"494\" height=\"291\" src=\"https:\/\/www.cpoturkiye.org\/new\/wp-content\/uploads\/2022\/11\/logolar-04.jpg\" class=\"attachment-full size-full\" alt=\"\" srcset=\"https:\/\/www.cpoturkiye.org\/new\/wp-content\/uploads\/2022\/11\/logolar-04.jpg 494w, https:\/\/www.cpoturkiye.org\/new\/wp-content\/uploads\/2022\/11\/logolar-04-300x177.jpg 300w, https:\/\/www.cpoturkiye.org\/new\/wp-content\/uploads\/2022\/11\/logolar-04-248x146.jpg 248w, https:\/\/www.cpoturkiye.org\/new\/wp-content\/uploads\/2022\/11\/logolar-04-50x29.jpg 50w, https:\/\/www.cpoturkiye.org\/new\/wp-content\/uploads\/2022\/11\/logolar-04-127x75.jpg 127w\" sizes=\"auto, (max-width: 494px) 100vw, 494px\" \/>\t\t\t\t\t\t\t\t\t\t\t\t\t\t\t<\/div>\n\t\t\t\t<\/div>\n\t\t\t\t\t<\/div>\n\t\t<\/div>\n\t\t\t\t<div class=\"elementor-column elementor-col-12 elementor-top-column elementor-element elementor-element-2dfee59\" data-id=\"2dfee59\" data-element_type=\"column\">\n\t\t\t<div class=\"elementor-widget-wrap elementor-element-populated\">\n\t\t\t\t\t\t\t\t<div class=\"elementor-element elementor-element-cd4005b elementor-widget elementor-widget-image\" data-id=\"cd4005b\" data-element_type=\"widget\" data-widget_type=\"image.default\">\n\t\t\t\t<div class=\"elementor-widget-container\">\n\t\t\t\t\t\t\t\t\t\t\t\t\t\t\t<img loading=\"lazy\" decoding=\"async\" width=\"494\" height=\"291\" src=\"https:\/\/www.cpoturkiye.org\/new\/wp-content\/uploads\/2022\/11\/sasayder.png\" class=\"attachment-full size-full\" alt=\"\" srcset=\"https:\/\/www.cpoturkiye.org\/new\/wp-content\/uploads\/2022\/11\/sasayder.png 494w, https:\/\/www.cpoturkiye.org\/new\/wp-content\/uploads\/2022\/11\/sasayder-300x177.png 300w, https:\/\/www.cpoturkiye.org\/new\/wp-content\/uploads\/2022\/11\/sasayder-248x146.png 248w, https:\/\/www.cpoturkiye.org\/new\/wp-content\/uploads\/2022\/11\/sasayder-50x29.png 50w, https:\/\/www.cpoturkiye.org\/new\/wp-content\/uploads\/2022\/11\/sasayder-127x75.png 127w\" sizes=\"auto, (max-width: 494px) 100vw, 494px\" \/>\t\t\t\t\t\t\t\t\t\t\t\t\t\t\t<\/div>\n\t\t\t\t<\/div>\n\t\t\t\t\t<\/div>\n\t\t<\/div>\n\t\t\t\t<div class=\"elementor-column elementor-col-12 elementor-top-column elementor-element elementor-element-1824798\" data-id=\"1824798\" data-element_type=\"column\">\n\t\t\t<div class=\"elementor-widget-wrap elementor-element-populated\">\n\t\t\t\t\t\t\t\t<div class=\"elementor-element elementor-element-403a352 elementor-widget elementor-widget-image\" data-id=\"403a352\" data-element_type=\"widget\" data-widget_type=\"image.default\">\n\t\t\t\t<div class=\"elementor-widget-container\">\n\t\t\t\t\t\t\t\t\t\t\t\t\t\t\t<img loading=\"lazy\" decoding=\"async\" width=\"494\" height=\"291\" src=\"https:\/\/www.cpoturkiye.org\/new\/wp-content\/uploads\/2022\/11\/IFPSM.png\" class=\"attachment-full size-full\" alt=\"\" srcset=\"https:\/\/www.cpoturkiye.org\/new\/wp-content\/uploads\/2022\/11\/IFPSM.png 494w, https:\/\/www.cpoturkiye.org\/new\/wp-content\/uploads\/2022\/11\/IFPSM-300x177.png 300w, https:\/\/www.cpoturkiye.org\/new\/wp-content\/uploads\/2022\/11\/IFPSM-248x146.png 248w, https:\/\/www.cpoturkiye.org\/new\/wp-content\/uploads\/2022\/11\/IFPSM-50x29.png 50w, https:\/\/www.cpoturkiye.org\/new\/wp-content\/uploads\/2022\/11\/IFPSM-127x75.png 127w\" sizes=\"auto, (max-width: 494px) 100vw, 494px\" \/>\t\t\t\t\t\t\t\t\t\t\t\t\t\t\t<\/div>\n\t\t\t\t<\/div>\n\t\t\t\t\t<\/div>\n\t\t<\/div>\n\t\t\t\t<div class=\"elementor-column elementor-col-12 elementor-top-column elementor-element elementor-element-27cc7b5\" data-id=\"27cc7b5\" data-element_type=\"column\">\n\t\t\t<div class=\"elementor-widget-wrap elementor-element-populated\">\n\t\t\t\t\t\t\t\t<div class=\"elementor-element elementor-element-ff161f4 elementor-widget elementor-widget-image\" data-id=\"ff161f4\" data-element_type=\"widget\" data-widget_type=\"image.default\">\n\t\t\t\t<div class=\"elementor-widget-container\">\n\t\t\t\t\t\t\t\t\t\t\t\t\t\t\t<img loading=\"lazy\" decoding=\"async\" width=\"494\" height=\"291\" src=\"https:\/\/www.cpoturkiye.org\/new\/wp-content\/uploads\/2022\/11\/logolar-05.jpg\" class=\"attachment-full size-full\" alt=\"\" srcset=\"https:\/\/www.cpoturkiye.org\/new\/wp-content\/uploads\/2022\/11\/logolar-05.jpg 494w, https:\/\/www.cpoturkiye.org\/new\/wp-content\/uploads\/2022\/11\/logolar-05-300x177.jpg 300w, https:\/\/www.cpoturkiye.org\/new\/wp-content\/uploads\/2022\/11\/logolar-05-248x146.jpg 248w, https:\/\/www.cpoturkiye.org\/new\/wp-content\/uploads\/2022\/11\/logolar-05-50x29.jpg 50w, https:\/\/www.cpoturkiye.org\/new\/wp-content\/uploads\/2022\/11\/logolar-05-127x75.jpg 127w\" sizes=\"auto, (max-width: 494px) 100vw, 494px\" \/>\t\t\t\t\t\t\t\t\t\t\t\t\t\t\t<\/div>\n\t\t\t\t<\/div>\n\t\t\t\t\t<\/div>\n\t\t<\/div>\n\t\t\t\t<div class=\"elementor-column elementor-col-12 elementor-top-column elementor-element elementor-element-1cd9a2e\" data-id=\"1cd9a2e\" data-element_type=\"column\">\n\t\t\t<div class=\"elementor-widget-wrap elementor-element-populated\">\n\t\t\t\t\t\t\t\t<div class=\"elementor-element elementor-element-fa79d05 elementor-widget elementor-widget-image\" data-id=\"fa79d05\" data-element_type=\"widget\" data-widget_type=\"image.default\">\n\t\t\t\t<div class=\"elementor-widget-container\">\n\t\t\t\t\t\t\t\t\t\t\t\t\t\t\t<img loading=\"lazy\" decoding=\"async\" width=\"494\" height=\"291\" src=\"https:\/\/www.cpoturkiye.org\/new\/wp-content\/uploads\/2022\/11\/ITU.png\" class=\"attachment-full size-full\" alt=\"\" srcset=\"https:\/\/www.cpoturkiye.org\/new\/wp-content\/uploads\/2022\/11\/ITU.png 494w, https:\/\/www.cpoturkiye.org\/new\/wp-content\/uploads\/2022\/11\/ITU-300x177.png 300w, https:\/\/www.cpoturkiye.org\/new\/wp-content\/uploads\/2022\/11\/ITU-248x146.png 248w, https:\/\/www.cpoturkiye.org\/new\/wp-content\/uploads\/2022\/11\/ITU-50x29.png 50w, https:\/\/www.cpoturkiye.org\/new\/wp-content\/uploads\/2022\/11\/ITU-127x75.png 127w\" sizes=\"auto, (max-width: 494px) 100vw, 494px\" \/>\t\t\t\t\t\t\t\t\t\t\t\t\t\t\t<\/div>\n\t\t\t\t<\/div>\n\t\t\t\t\t<\/div>\n\t\t<\/div>\n\t\t\t\t<div class=\"elementor-column elementor-col-12 elementor-top-column elementor-element elementor-element-5fe957b\" data-id=\"5fe957b\" data-element_type=\"column\">\n\t\t\t<div class=\"elementor-widget-wrap elementor-element-populated\">\n\t\t\t\t\t\t\t\t<div class=\"elementor-element elementor-element-3642d69 elementor-widget elementor-widget-image\" data-id=\"3642d69\" data-element_type=\"widget\" data-widget_type=\"image.default\">\n\t\t\t\t<div class=\"elementor-widget-container\">\n\t\t\t\t\t\t\t\t\t\t\t\t\t\t\t<img loading=\"lazy\" decoding=\"async\" width=\"494\" height=\"291\" src=\"https:\/\/www.cpoturkiye.org\/new\/wp-content\/uploads\/2022\/11\/bu.png\" class=\"attachment-full size-full\" alt=\"\" srcset=\"https:\/\/www.cpoturkiye.org\/new\/wp-content\/uploads\/2022\/11\/bu.png 494w, https:\/\/www.cpoturkiye.org\/new\/wp-content\/uploads\/2022\/11\/bu-300x177.png 300w, https:\/\/www.cpoturkiye.org\/new\/wp-content\/uploads\/2022\/11\/bu-248x146.png 248w, https:\/\/www.cpoturkiye.org\/new\/wp-content\/uploads\/2022\/11\/bu-50x29.png 50w, https:\/\/www.cpoturkiye.org\/new\/wp-content\/uploads\/2022\/11\/bu-127x75.png 127w\" sizes=\"auto, (max-width: 494px) 100vw, 494px\" \/>\t\t\t\t\t\t\t\t\t\t\t\t\t\t\t<\/div>\n\t\t\t\t<\/div>\n\t\t\t\t\t<\/div>\n\t\t<\/div>\n\t\t\t\t\t\t\t<\/div>\n\t\t<\/section>\n\t\t\t\t\t\t\t<\/div>\n\t\t","protected":false},"excerpt":{"rendered":"<p>De\u011ferli Meslekta\u015flar\u0131m\u0131z; Sat\u0131nalma ve tedarik zinciri y\u00f6netimi alan\u0131nda mesleki standartlar\u0131n geli\u015ftirilmesi, meslekta\u015flar\u0131m\u0131z\u0131n g\u00fc\u00e7lendirilmesi ve yeni mesleki unvanlar\u0131n tan\u0131mlanmas\u0131 gibi konular\u0131n yan\u0131 s\u0131ra tedarik\u00e7i portf\u00f6y\u00fcn\u00fcn geli\u015ftirilmesi, milli<span class=\"excerpt-hellip\"> [\u2026]<\/span><\/p>\n","protected":false},"author":1,"featured_media":0,"parent":0,"menu_order":0,"comment_status":"open","ping_status":"closed","template":"","meta":{"footnotes":""},"class_list":["post-15","page","type-page","status-publish","hentry"],"_links":{"self":[{"href":"https:\/\/www.cpoturkiye.org\/new\/wp-json\/wp\/v2\/pages\/15","targetHints":{"allow":["GET"]}}],"collection":[{"href":"https:\/\/www.cpoturkiye.org\/new\/wp-json\/wp\/v2\/pages"}],"about":[{"href":"https:\/\/www.cpoturkiye.org\/new\/wp-json\/wp\/v2\/types\/page"}],"author":[{"embeddable":true,"href":"https:\/\/www.cpoturkiye.org\/new\/wp-json\/wp\/v2\/users\/1"}],"replies":[{"embeddable":true,"href":"https:\/\/www.cpoturkiye.org\/new\/wp-json\/wp\/v2\/comments?post=15"}],"version-history":[{"count":17,"href":"https:\/\/www.cpoturkiye.org\/new\/wp-json\/wp\/v2\/pages\/15\/revisions"}],"predecessor-version":[{"id":542,"href":"https:\/\/www.cpoturkiye.org\/new\/wp-json\/wp\/v2\/pages\/15\/revisions\/542"}],"wp:attachment":[{"href":"https:\/\/www.cpoturkiye.org\/new\/wp-json\/wp\/v2\/media?parent=15"}],"curies":[{"name":"wp","href":"https:\/\/api.w.org\/{rel}","templated":true}]}}